e factors of 1867?
1867
List the prime factors of 110.
2, 5, 11
What are the prime factors of 14439?
3, 4813
What are the prime factors of 17487?
3, 29, 67
List the prime factors of 1401.
3, 467
List the prime factors of 26834.
2, 13417
What are the prime factors of 2392?
2, 13, 23
List the prime factors of 167.
167
What are the prime factors of 1550?
2, 5, 31
List the prime factors of 7456.
2, 233
What are the prime factors of 1000?
2, 5
What are the prime factors of 5997?
3, 1999
What are the prime factors of 5085?
3, 5, 113
What are the prime factors of 5717?
5717
List the prime factors of 98336.
2, 7, 439
List the prime factors of 307.
307
List the prime factors of 7971.
3, 2657
List the prime factors of 602.
2, 7, 43
What are the prime factors of 50521?
19, 2659
What are the prime factors of 1914?
2, 3, 11, 29
What are the prime factors of 4188?
2, 3, 349
List the prime factors of 39448.
2, 4931
What are the prime factors of 640?
2, 5
List the prime factors of 76688.
2, 4793
List the prime factors of 7291.
23, 317
What are the prime factors of 31810?
2, 5, 3181
What are the prime factors of 65864?
2, 8233
List the prime factors of 8683.
19, 457
List the prime factors of 10211.
10211
List the prime factors of 1294.
2, 647
What are the prime factors of 41750?
2, 5, 167
What are the prime factors of 457?
457
List the prime factors of 53576.
2, 37, 181
List the prime factors of 55831.
31, 1801
What are the prime factors of 54130?
2, 5, 5413
List the prime factors of 13901.
13901
List the prime factors of 42958.
2, 47, 457
List the prime factors of 94810.
2, 5, 19, 499
What are the prime factors of 5166?
2, 3, 7, 41
What are the prime factors of 8476?
2, 13, 163
List the prime factors of 93365.
5, 71, 263
List the prime factors of 3075.
3, 5, 41
What are the prime factors of 1441?
11, 131
List the prime factors of 191.
191
List the prime factors of 12348.
2, 3, 7
List the prime factors of 114305.
5, 22861
List the prime factors of 19589.
19, 1031
What are the prime factors of 94107?
3, 13, 19, 127
What are the prime factors of 238?
2, 7, 17
What are the prime factors of 119802?
2, 3, 41, 487
List the prime factors of 3989.
3989
List the prime factors of 1644.
2, 3, 137
What are the prime factors of 5414?
2, 2707
List the prime factors of 4595.
5, 919
List the prime factors of 1999.
1999
What are the prime factors of 912?
2, 3, 19
List the prime factors of 3285.
3, 5, 73
List the prime factors of 46191.
3, 89, 173
What are the prime factors of 79604?
2, 7, 2843
What are the prime factors of 3562?
2, 13, 137
What are the prime factors of 1105?
5, 13, 17
List the prime factors of 85.
5, 17
List the prime factors of 136.
2, 17
What are the prime factors of 978?
2, 3, 163
What are the prime factors of 17797?
13, 37
What are the prime factors of 5192?
2, 11, 59
What are the prime factors of 10148?
2, 43, 59
What are the prime factors of 1577?
19, 83
What are the prime factors of 1284?
2, 3, 107
What are the prime factors of 870?
2, 3, 5, 29
What are the prime factors of 1151?
1151
List the prime factors of 1018.
2, 509
List the prime factors of 550.
2, 5, 11
What are the prime factors of 4147?
11, 13, 29
What are the prime factors of 4132?
2, 1033
What are the prime factors of 2449?
31, 79
List the prime factors of 1049.
1049
What are the prime factors of 4656?
2, 3, 97
List the prime factors of 1861.
1861
List the prime factors of 33800.
2, 5, 13
What are the prime factors of 2883?
3, 31
What are the prime factors of 73041?
3, 97, 251
What are the prime factors of 2398?
2, 11, 109
List the prime factors of 5977.
43, 139
List the prime factors of 5033.
7, 719
List the prime factors of 75972.
2, 3, 13, 487
What are the prime factors of 7735?
5, 7, 13, 17
What are the prime factors of 22088?
2, 11, 251
What are the prime factors of 47971?
7, 11, 89
What are the prime factors of 54501?
3, 37, 491
What are the prime factors of 101789?
101789
List the prime factors of 1218.
2, 3, 7, 29
What are the prime factors of 6942?
2, 3, 13, 89
What are the prime factors of 10847?
10847
List the prime factors of 25707.
3, 11, 19, 41
List the prime factors of 5950.
2, 5, 7, 17
What are the prime factors of 74767?
7, 11, 971
List the prime factors of 37092.
2, 3, 11, 281
List the prime factors of 70453.
47, 1499
List the prime factors of 4039.
7, 577
What are the prime factors of 3729?
3, 11, 113
List the prime factors of 83619.
3, 19, 163
List the prime factors of 7397.
13, 569
List the prime factors of 7154.
2, 7, 73
List the prime factors of 3526.
2, 41, 43
What are the prime factors of 325?
5, 13
List the prime factors of 631.
631
List the prime factors of 5101.
5101
List the prime factors of 699.
3, 233
List the prime factors of 596.
2, 149
What are the prime factors of 6748?
2, 7, 241
List the prime factors of 4061.
31, 131
What are the prime factors of 90?
2, 3, 5
List the prime factors of 7211.
7211
List the prime factors of 113834.
2, 7, 47, 173
What are the prime factors of 22382?
2, 19, 31
List the prime factors of 28196.
2, 7, 19, 53
What are the prime factors of 7851?
3, 2617
What are the prime factors of 747?
3, 83
List the prime factors of 150059.
7, 13, 17, 97
What are the prime factors of 26244?
2, 3
List the prime factors of 26639.
17, 1567
List the prime factors of 127993.
17, 7529
List the prime factors of 618.
2, 3, 103
What are the prime factors of 814?
2, 11, 37
What are the prime factors of 22885?
5, 23, 199
What are the prime factors of 47708?
2, 11927
What are the prime factors of 2896?
2, 181
What are the prime factors of 1470?
2, 3, 5, 7
List the prime factors of 398.
2, 199
What are the prime factors of 1127?
7, 23
What are the prime factors of 12967?
12967
List the prime factors of 4203.
3, 467
List the prime factors of 33736.
2, 4217
What are the prime factors of 4645?
5, 929
List the prime factors of 146072.
2, 19, 31
What are the prime factors of 36445?
5, 37, 197
List the prime factors of 425.
5, 17
List the prime factors of 29.
29
What are the prime factors of 13748?
2, 7, 491
List the prime factors of 1103.
1103
What are the prime factors of 997?
997
List the prime factors of 8420.
2, 5, 421
What are the prime factors of 2691?
3, 13, 23
List the prime factors of 196093.
157, 1249
What are the prime factors of 633?
3, 211
List the prime factors of 155546.
2, 77773
What are the prime factors of 30097?
30097
List the prime factors of 1459.
1459
List the prime factors of 7339.
41, 179
List the prime factors of 154961.
83, 1867
List the prime factors of 27429.
3, 41, 223
What are the prime factors of 85248?
2, 3, 37
What are the prime factors of 8683?
19, 457
What are the prime factors of 21348?
2, 3, 593
List the prime factors of 3428.
2, 857
List the prime factors of 3801.
3, 7, 181
What are the prime factors of 1794?
2, 3, 13, 23
List the prime factors of 9463.
9463
What are the prime factors of 50099?
7, 17, 421
What are the prime factors of 1020?
2, 3, 5, 17
What are the prime factors of 8818?
2, 4409
What are the prime factors of 16254?
2, 3, 7, 43
What are the prime factors of 781?
11, 71
What are the prime factors of 22998?
2, 3, 3833
List the prime factors of 24477.
3, 41, 199
What are the prime factors of 102656?
2, 401
List the prime factors of 735.
3, 5, 7
List the prime factors of 6201.
3, 13, 53
What are the prime factors of 16772?
2, 7, 599
List the prime factors of 8883.
3, 7, 47
List the prime factors of 30455.
5, 6091
What are the prime factors of 788?
2, 197
List the prime factors of 2153.
2153
What are the prime factors of 88934?
2, 53, 839
What are the prime factors of 15219?
3, 19, 89
List the prime factors of 87889.
179, 491
List the prime factors of 3268.
2, 19, 43
List the prime factors of 5914.
2, 2957
What are the prime factors of 680?
2, 5, 17
List the prime factors of 12857.
13, 23, 43
List the prime factors of 1182.
2, 3, 197
What are the prime factors of 6291?
3, 233
List the prime factors of 4909.
4909
What are the prime factors of 46515?
3, 5, 7, 443
List the prime factors of 22959.
3, 2551
What are the prime factors of 1160?
2, 5, 29
What are the prime factors of 63826?
2, 7, 47, 97
What are the prime factors of 78636?
2, 3, 6553
List the prime factors of 126901.
19, 6679
What are the prime factors